e
Let i(a) = -9*a + 29 - 14 - 2*a - a**2. Let f be i(-12). Suppose -f*w + h + 479 = 0, -503 = w - 4*w - 5*h. Is w a composite number?
True
Let r(m) = 77*m**3 + 14*m**2 + 6*m + 10. Is r(7) composite?
True
Suppose 1675 = -4*n + n + 5*p, 5*n + 2845 = -5*p. Let m = 828 + n. Is m a composite number?
False
Let t(p) = 566*p**2 + 3*p + 2. Let b be t(-2). Let x = -1301 + b. Is x a composite number?
True
Let p be (-2)/8 - 4706/(-8). Let k(n) = 51*n**3 + 11*n**2 + 20*n + 1. Let s be k(-2). Let j = s + p. Is j prime?
False
Let l = -121 + 134. Let r = l + 1068. Is r prime?
False
Suppose -g - 41 + 294 = 0. Suppose -3*y = 0, 128 + g = 3*f + 3*y. Is f a composite number?
False
Let b(r) = -166*r**3 + 15*r**2 - r + 13. Is b(-6) composite?
True
Let x(n) = 3*n - 13. Let g(p) = 2*p - 14 + 3*p - p. Let c(d) = 4*g(d) - 5*x(d). Is c(10) composite?
False
Suppose -7*j + 6*j + 4*z = -11, -2*z = -2. Suppose 0 = j*u - 14*u - 1039. Is u a composite number?
False
Let v = 7 + -11. Is (96355/(-15))/(-7) + v/(-3) a prime number?
True
Is (4 - -1138 - -7) + 2 prime?
True
Let l = -166650 + 233337. Is l prime?
False
Suppose 73*x = 80*x - 90979. Is x a prime number?
False
Let r(c) = -4*c**2 - c + 1. Let p be r(1). Let z(k) = 29*k**2 - 8*k - 11. Is z(p) a prime number?
False
Suppose 9*m - 11*m - 11044 = -4*k, 13805 = 5*k + m. Is k a prime number?
False
Let y = 2460 - 139. Is y a composite number?
True
Let t be 35*7 - (2 + -4). Suppose -4*o - 1303 = -t. Let s = o - -455. Is s a composite number?
False
Let a(s) = -4776*s + 415. Is a(-6) a prime number?
False
Is (-296)/222 + (-45860)/(-6) a prime number?
False
Is (-9)/3 + 2504 - 3 prime?
False
Suppose h - 3*w + 3 = 0, 0 = h - w + 2 - 3. Suppose -h*q = -1352 - 541. Is q a prime number?
True
Suppose -3*v - 10 = -34. Suppose -v*r = -5*r - 435. Is r composite?
True
Let q(j) = 573*j**2 + 7*j + 17. Is q(-4) composite?
False
Let w(f) = 6*f**2 - 121*f - 24. Is w(23) a composite number?
False
Let l be 5 - 11 - 3*1. Let a = l - -15. Is (-75)/10*(-44)/a a composite number?
True
Suppose 2*n - 68 = -4. Is (-4)/n + (-593)/(-8) a prime number?
False
Suppose -3*i - 13754 = -2*z, -3367 + 37762 = 5*z - 5*i. Is z a prime number?
True
Let t = 13 - 5. Suppose t = 3*o + 2. Is 70 - 1 - o/1 composite?
False
Is ((-36543)/156)/((-2)/8) prime?
True
Let p = -7651 - -18595. Let a = -7585 + p. Is a a composite number?
False
Let j = 2 - 8. Let i be j + 7 - -1*3. Suppose 7*o - 363 = i*o. Is o prime?
False
Suppose 0 = 3*g - 0*g + 774. Let p = g + 1235. Is p prime?
True
Let h = -628 - -1261. Suppose -x - h = -2*r, x = 3*r + 3*x - 953. Is r composite?
False
Suppose -3*a + 3*y = -132, a + a - y - 93 = 0. Suppose d + 176 = h + a, 3*d = 0. Is h a prime number?
True
Suppose 4*u = 5*u - 11675. Suppose -u = -5*t - 5*n, 5*n - 4 = 3*n. Is t composite?
False
Suppose 6828 = 2*z + 5*j, -5*z + j + 17043 = -0*j. Is z a composite number?
True
Suppose 2*t + t - 19 = -2*c, c - 14 = -3*t. Suppose -c*z - 5 = 0, 2*z - 3101 = -k + z. Let n = k - 2143. Is n composite?
True
Suppose 8 = -r + 5*r. Is 331*2/(1 + (r - 1)) a composite number?
False
Let q = 13202 - -1067. Is q a prime number?
False
Is 3*(-8743)/(-21) + 0/5 composite?
False
Let k be 4/5*25/(-10). Let g(c) = -c**2 - 3*c - 4. Let y be g(k). Is (y/3)/((-14)/1239) composite?
False
Let v(g) = -6*g**3 - 7*g**2 - 14*g - 12. Suppose 26 = -2*f - 4*o, 5*f - 6*o + 17 = -4*o. Is v(f) prime?
False
Let n = -7399 - -13988. Is n composite?
True
Suppose -63*r + 64*r - 2 = 0. Is r/(-4)*(-4496 - 2) a composite number?
True
Suppose 18782 + 29053 = 15*l. Is l a prime number?
False
Let g be ((-18)/6 - -5) + (-512)/(-2). Suppose -4*k + g + 802 = 0. Is k a composite number?
True
Let j(d) = -510*d + 229. Is j(-11) a prime number?
True
Let n(j) = -7*j**2 + 36*j - 20. Let t(i) = -3*i**2 + 18*i - 10. Let s(p) = -2*n(p) + 5*t(p). Is s(7) a prime number?
True
Suppose 2*m - 4 = -4*z, z - 7 = -m - m. Suppose 0 = 4*o - 12, 9 = -g + m*o - 6. Is (-127*1)/(-4 - g) composite?
False
Let c = -189 + 443. Is c - 3*(1 - 0) composite?
False
Let h(r) = -r**3 + 5*r**2 + 6*r - 1. Let j be h(6). Is j - -19 - (-4 - -1) composite?
True
Suppose 0 = -2*a + 4*n + 16, a + 34 = 4*a + 4*n. Let d be 1/(-2) + (-6207)/(-6). Suppose -12*h + d = -a*h. Is h prime?
False
Let v(a) = -10*a**3 - 3*a**2 + 11*a + 24. Let g be v(-4). Let c be (1 - 0)/((-2)/(-4)). Suppose -5*r = -3*d + 463, -c*r - 225 = -5*d + g. Is d prime?
False
Let n = -106 - -98. Is (-3)/(-6) + (-10)/n*3442 composite?
True
Suppose 13 - 53 = -2*g. Suppose g*s = 25*s - 10. Is (-3)/s*(13 + -87) composite?
True
Let u = 28 + -22. Let l(z) = 19*z**2 + 3*z - 17. Is l(u) a prime number?
False
Let f be (-3)/(-2) + 27/18. Suppose 0 = -f*p - 5*j + 250, 2*j = -p + 5*p - 290. Is 3926/30 - (-10)/p a composite number?
False
Let h be (0 - -1)*-3 - 7. Let q(c) = -36*c - 5. Is q(h) a composite number?
True
Is (-3)/(-12) - (-9)/((-216)/(-438450)) prime?
True
Let i = -10 - -11. Suppose -i - 1 = -w + 3*h, -2*w + h + 9 = 0. Suppose b = w*b - 140. Is b a prime number?
False
Let a be (0 - -63)/(6/4). Let z = a - 24. Suppose 4*k + 8 = 2*r, 6*r - 4*r = 2*k + z. Is r a composite number?
True
Suppose 69 = 3*w - 39. Let h = w + -21. Is h a composite number?
True
Suppose -12*x + 13*x + 44294 = 5*w, 26574 = 3*w - 3*x. Is w prime?
False
Suppose 2*u - 2241 = 7165. Is u a composite number?
False
Suppose -7*a + 25 = -5*p - 3*a, 3*a = 0. Let u = p + 98. Is u a prime number?
False
Is (-3)/9 + (-148304)/(-69) prime?
False
Is (-8)/(-4) + 431 + 2 + 2 composite?
True
Let f(r) = 214*r**3 - r**2 - r + 2. Let u(p) = 3*p - 5. Let b be u(2). Is f(b) a composite number?
True
Let f(a) = -a - 1. Let v be f(-6). Suppose v*q - 94 = 96. Is q composite?
True
Let a(p) = 6*p**2 - 2*p + 1. Let f be a(1). Suppose -w + 3*w = 6. Suppose n - 5*j - 1025 = -4*n, w*n = -f*j + 615. Is n a composite number?
True
Let j = -2998 - -7169. Is j prime?
False
Suppose 0 = 2*l + 3*a + 26, 50 = 2*l - 5*l + a. Let j = l - -55. Is j a prime number?
False
Suppose -5*h = f - 5159, 0 = 2*h + f + 2*f - 2074. Is h prime?
True
Let n(r) = -31*r + 7*r + 54 - 61. Is n(-15) a prime number?
True
Suppose -j - x + 2470 = j, 3*x = -12. Suppose 150 = -a + j. Is a prime?
True
Suppose 0 = -6*d - 10 + 28. Suppose -2*m - 4*t = t - 11, -5*m + d*t + 12 = 0. Suppose -112 = m*s + 4*j - 439, -3*s = 2*j - 327. Is s prime?
True
Let c be 1 + -2 + (-19)/(-1). Let k = c + -18. Suppose -2*t - 7 + 45 = k. Is t a composite number?
False
Let y = -896 - -1700. Let d be 2/9 - (-144)/81. Is ((-1)/d)/((-6)/y) prime?
True
Suppose -2*f = 10, -3*l - 2*f = -15611 - 13326. Is l composite?
False
Suppose 0 = -5*j + 5*g + 405, j - g = 3*j - 153. Suppose 0 = -4*u + 5*z - j, -u - 6 = 3*z + 22. Let o = 43 + u. Is o prime?
False
Let g(r) be the first derivative of 4*r**3/3 + 7*r**2 - r - 1. Let x = 1153 - 1161. Is g(x) composite?
True
Suppose -3*t + 1934 = 5*f, 2*f = 4*t - t - 1948. Let r = t + -415. Is r composite?
False
Is -10646*(23/(-2) - -6) composite?
True
Suppose -3*z + 0*z + 5*r - 9 = 0, 2*z - 5*r + 11 = 0. Suppose -z*v - 5*t + 125 = 0, 7*v - 95 = 5*v + 5*t. Is v a prime number?
False
Let v(w) = 138*w**2 + 7*w + 111. Is v(-8) a prime number?
True
Let l be ((-7538)/4)/((-2)/(-4)). Let g = l + 6302. Is g a composite number?
True
Let c(y) = y**2 + y - 5. Let a be c(4). Suppose 0 = -a*f + 11*f + 644. Is f composite?
True
Suppose -110 = d - 23. Let z = d - -124. Let v = z + 0. Is v a prime number?
True
Let k = 1555 - 717. Suppose -2*i + 4*i - k = 0. Is i prime?
True
Let s be (-3)/(4/6 - (-15)/(-9)). Suppose -4*d = s*k - 3133, -3*d - 4144 = -4*k - 0*d. Is k a prime number?
True
Suppose -2978 = -5*n - 118. Suppose 0 = 2*r - 0*x - 2*x - n, 3*r - x - 866 = 0. Suppose 0*b - 2*b + r = 0. Is b a prime number?
False
Suppose 4*c = w - 1631, -3186 = -5*w + c + 4912. Suppose -2*i + w = 2*a + 127, a - 3*i = 734. Is a a composite number?
False
Let h(a) = a**2 + a - 29. Let u be h(13). Let n = u + 50. Is n prime?
False
Let p(b) = b**2 - 9*b + 10. Let h be p(8). Suppose 3*a = h*a + 267. Suppose 3*d + 0*d + 3*f - 789 = 0, d + 2*f = a. Is d a prime number?
False
Let m be -2 - 16/(-2)*320. Let a = 4893 - m. Is a a composite number?
True
Let a = 42 + -35. Let h(b) = -5*b**2 + b - 13. Let v(n) = 4*n**2 + 12. Let f(m) = -5*h(m) - 6*v(m). Is f(a) a prime number?
Tru